*2 - 2*n - 1. Give s(-6).
-25
Let x(q) = 6*q + 82. Give x(-11).
16
Let h(l) = -4*l**2 - 6. Calculate h(3).
-42
Let s(x) = -10*x + 30. What is s(5)?
-20
Let j(f) = 2*f - 3. Calculate j(-3).
-9
Let h(k) = k**2 - 2*k. Determine h(-4).
24
Let m(d) = 6*d - 24. What is m(-6)?
-60
Let n(l) = -l**2 - 4*l + 8. Calculate n(2).
-4
Let g(j) = -78*j - 215. Determine g(-3).
19
Let f(c) = 3*c + 19. Give f(-3).
10
Let l(q) = -q + 30. Give l(-17).
47
Let l(i) = i**2 - 3*i - 17. Determine l(0).
-17
Let s(f) = -f - 13. Calculate s(-15).
2
Let o(s) = s**3 - 26*s**2 + 26*s - 61. Determine o(25).
-36
Let h(a) = 14*a - 24. Calculate h(2).
4
Let s(w) = 39*w**2 - 307*w - 42. Determine s(8).
-2
Let n(i) = 42*i**3 - 3*i**2 + 1. What is n(1)?
40
Let q(u) = -6*u**2 - 9*u + 8. What is q(1)?
-7
Let f(u) = u**2 - 15*u + 4. What is f(14)?
-10
Let d(n) = n**2 + 16*n + 11. What is d(-16)?
11
Let h(t) = -8*t + 30. Calculate h(4).
-2
Let z(k) = -14*k - 23. Determine z(-4).
33
Let h(b) = b**2 + 8*b. Calculate h(-6).
-12
Let n(x) = 31*x + 15. What is n(4)?
139
Let k(l) = 3*l + 75. Calculate k(-20).
15
Let n(s) = -2*s**3 + 2*s**2 - 3*s - 22. Calculate n(-2).
8
Let s(z) = -58*z**3 - 3*z**2 - z + 1. Give s(-1).
57
Let t(o) = -7*o + 41. Give t(4).
13
Let r(q) = -9*q**2 - 6*q - 7. Give r(-3).
-70
Let v(i) = i**3 - 3*i**2 - 7*i + 4. Determine v(4).
-8
Let g(l) = -l**3 - 6*l**2 + 4*l - 3. What is g(-7)?
18
Let u(t) = -3*t + 31. What is u(7)?
10
Let o(c) = c**3 + 9*c**2 + 4*c - 6. What is o(-8)?
26
Let d(r) = 22*r + 84. Calculate d(-4).
-4
Let b(y) = -3*y - 13. Calculate b(-4).
-1
Let g(p) = p**3 + 7*p**2 + 3*p - 2. Calculate g(-4).
34
Let k(f) = -14*f + 52. Give k(3).
10
Let t(d) = 4*d - 13. Give t(9).
23
Let s(p) = p**3 - 3*p**2 - 2*p + 4. Give s(3).
-2
Let p(w) = 38*w**2 + 2. Determine p(-1).
40
Let v(m) = -2*m**3 - 8*m**2 - 3*m - 2. Give v(-5).
63
Let m(o) = -18*o - 8. Determine m(-3).
46
Let u(z) = -z**3 + 13*z**2 + 8*z + 92. Give u(14).
8
Let b(a) = 139*a**2 + 3*a + 1. Calculate b(-1).
137
Let y(r) = -r**3 - 8*r**2 + 5*r - 9. Give y(-9).
27
Let b(n) = 2*n**2 + n. What is b(2)?
10
Let n(u) = 21*u + 2. Calculate n(-1).
-19
Let x(k) = k**2 - 10*k + 18. What is x(6)?
-6
Let v(q) = q**2 - 4*q. Give v(3).
-3
Let m(a) = a**3 - 12*a**2 + 8*a + 16. What is m(11)?
-17
Let z(x) = x**3 + 18*x**2 + 8*x + 147. Calculate z(-18).
3
Let t(k) = k**2 + 43*k + 182. Determine t(-38).
-8
Let t(f) = -3*f - 14. Give t(-8).
10
Let i(y) = -17*y - 49. Determine i(-4).
19
Let p(j) = -j**2 + 6*j + 3. What is p(-3)?
-24
Let q(h) = -h**3 - 22*h**2 + 18*h - 24. Give q(-23).
91
Let d(f) = 5*f**3 - 26*f**2 + 6. Give d(5).
-19
Let n(x) = x + 4. Calculate n(-7).
-3
Let o(j) = 3*j - 77. Determine o(23).
-8
Let f(i) = -3*i + 18. Give f(-6).
36
Let h(d) = -10*d. What is h(-1)?
10
Let n(u) = u**2 - 8*u - 6. Calculate n(10).
14
Let s(b) = -2*b + 27. Determine s(11).
5
Let r(c) = -2*c**3 + 2*c - 7. Calculate r(3).
-55
Let z(p) = 11*p**2 + 27*p + 5. Give z(-3).
23
Let y(w) = -w**2 + 5*w - 4. Calculate y(6).
-10
Let i(o) = o**2 - 4*o + 2. Give i(0).
2
Let b(l) = l**3 - 6*l**2 + 6*l - 14. What is b(6)?
22
Let t(c) = 8*c + 509. Determine t(-64).
-3
Let d(v) = 10*v + 15. What is d(-3)?
-15
Let x(z) = 7*z + 185. What is x(-23)?
24
Let n(x) = -8*x**2 - x + 2. What is n(1)?
-7
Let p(l) = 6*l + 41. Calculate p(-12).
-31
Let g(r) = -4*r**2 + 6*r - 2. Calculate g(2).
-6
Let z(n) = -n**2 + 3*n + 6. Give z(5).
-4
Let p(o) = 7*o**3 - 2*o**2 - 3*o + 2. Give p(-2).
-56
Let m(q) = -24*q**3 - 2*q**2 + q. Calculate m(1).
-25
Let m(k) = -k**2 - 11*k + 14. Determine m(-6).
44
Let h(b) = -2*b + 18. Determine h(14).
-10
Let y(h) = -6*h - 27. Determine y(-3).
-9
Let c(o) = 4*o**2 + 3*o - 3. What is c(2)?
19
Let h(k) = 72*k - 282. Give h(4).
6
Let p(x) = -x**2 - 7*x + 7. Give p(-8).
-1
Let d(h) = -h**2 + 24*h + 747. What is d(-18)?
-9
Let s(p) = 2*p**3 - 1. Give s(-1).
-3
Let c(k) = k**3 - 22*k**2 + 41*k + 16. What is c(20)?
36
Let l(x) = 14*x + 22. Determine l(-2).
-6
Let c(q) = 9*q**3 - q**2 + 2*q + 1. What is c(2)?
73
Let h(t) = 3*t**3 - 121*t**2 + 38*t + 94. What is h(40)?
14
Let v(m) = -m**2 - 13*m - 4. What is v(-11)?
18
Let z(o) = o**2 - 17*o + 18. What is z(18)?
36
Let y(f) = -f**3 + 8*f**2 - 10*f + 4. Calculate y(6).
16
Let c(n) = -n**3 - 3*n**2 + n + 3. Determine c(-3).
0
Let q(l) = -3*l**2 + 59*l + 15. Give q(20).
-5
Let l(m) = -m - 24. Give l(-16).
-8
Let i(t) = t**2 + 14*t + 1. Determine i(-13).
-12
Let c(t) = -6*t**2 + 24*t + 8. What is c(4)?
8
Let x(r) = r**3 + 15*r**2 + 7*r + 96. What is x(-15)?
-9
Let o(i) = 48*i - 1. What is o(1)?
47
Let o(q) = -q**3 - 3*q**2 + 4*q - 1. Calculate o(-3).
-13
Let s(i) = -i**3 - 4*i**2 + 4*i + 8. Calculate s(-5).
13
Let x(c) = 4*c**2 + 30*c + 24. Give x(-6).
-12
Let w(n) = -44*n**2 - 263*n + 11. Determine w(-6).
5
Let a(m) = -8*m**2 + 22*m + 21. What is a(-1)?
-9
Let w(u) = 5*u + 82. Calculate w(-11).
27
Let j(i) = -i**2 + 4*i + 3. Calculate j(4).
3
Let g(b) = 3*b**2 - 2*b - 22. What is g(7)?
111
Let p(m) = 11*m - 32. What is p(4)?
12
Let u(s) = -16*s - 94. Determine u(-6).
2
Let q(c) = 5*c - 13. Determine q(4).
7
Let c(k) = -k**2 - 3*k - 2. Determine c(-4).
-6
Let o(u) = -u**2 + 9*u + 2. Determine o(9).
2
Let i(r) = -r**3 - 7*r**2 - 6*r - 7. Give i(-6).
-7
Let a(w) = -w**3 + 3*w**2 - 10*w + 17. Give a(6).
-151
Let i(k) = -2*k**2 - 18*k - 6. Calculate i(-9).
-6
Let y(a) = -a - 12. Calculate y(0).
-12
Let u(k) = -11*k - 10. What is u(-4)?
34
Let l(s) = 3*s**2 - 29*s - 9. Calculate l(10).
1
Let a(p) = 2*p + 5. Give a(-1).
3
Let j(u) = u**3 + 14*u**2 + 16*u + 26. Determine j(-13).
-13
Let w(n) = n**3 - 3*n**2 - n. Calculate w(3).
-3
Let n(z) = -z + 12. Give n(5).
7
Let w(t) = t**3 + 22*t**2 + 25*t + 102. Calculate w(-21).
18
Let b(j) = j**2 - 11*j + 10. Give b(10).
0
Let q(t) = 8*t + 9. Calculate q(6).
57
Let z(j) = j**3 - 2*j**2 - j + 3. Calculate z(3).
9
Let d(n) = n**2 + 3*n - 13. What is d(-10)?
57
Let z(o) = -o**2 + 10*o + 222. Give z(-11).
-9
Let b(v) = v**2 + 4*v - 9. What is b(-6)?
3
Let i(w) = w**3 + 14*w**2 - 15*w - 17. What is i(-15)?
-17
Let v(i) = i**2 - 3*i - 13. Calculate v(7).
15
Let s(j) = j**3 - 7*j**2 - 8*j - 19. Give s(8).
-19
Let l(w) = w. Calculate l(-2).
-2
Let i(d) = -d**3 + 10*d**2 - 4*d + 160. Calculate i(11).
-5
Let d(v) = -v**3 - 4*v**2 - 15*v + 12. Give d(0).
12
Let q(u) = 2*u - 22. Give q(-5).
-32
Let d(r) = -6*r + 108. What is d(17)?
6
Let q(x) = -11*x + 30. Determine q(3).
-3
Let n(u) = -u**3 - 6*u**2 - 4*u + 6. Determine n(-6).
30
Let v(a) = a**3 - a**2 + a + 29. Give v(0).
29
Let g(m) = -m**3 + 11*m**2 + 13*m - 8. Calculate g(12).
4
Let r(m) = 2*m**2 - 37*m - 415. What is r(-8)?
9
Let f(t) = t**2 - 161*t - 1184. Determine f(-7).
-8
Let s(z) = z**2 + 13*z - 5. Calculate s(-5).
-45
Let n(i) = 52*i + 10. Determine n(-2).
-94
Let n(p) = -p**2 - 41*p + 454. Give n(-50).
4
Let b(r) = r**3 + 8*r**2 + 4*r - 35. What is b(-7)?
-14
Let p(a) = 37*a**2 + 293*a - 22. Give p(-8).
2
Let n(z) = -z**3 - 29*z**2 + 29*z - 33. What is n(-30)?
-3
Let q(i) = 5*i**2 - i. Determine q(1).
4
Let d(s) = s**2 - 24*s - 24. What is d(13)?
-167
Let l(r) = -40*r + 8. What is l(1)?
-32
Let f(q) = -16*q. Calculate f(-2).
32
Let s(h) = 2*h. Determine s(2).
4
Let s(y) = y**3 + 8*y**2 + 4*y - 15. Give s(-7).
6
Let o(y) = 12*y - 5. Calculate o(-8).
-101
Let h(w) = w**3 - 10*w**2 + 10*w - 5. What is h(5)?
-80
Let x(i) = 4*i**2 - 2*i + 2. Determine x(3).
32
Let v(b) = -b**3 - 16*b**2 - 2*b - 31. Give v(-16).
1
Let u(t) = t**2 - 8*t - 14. What is u(8)?
-14
Let m(n) = -14*n + 2. Determine m(-2).
30
Let n(j) = -3*j**2 + 8*j - 15. Give n(4).
-31
Let v(r) = -r**2 + 3*r + 39. Calculate v(-6).
-15
Let u(k) = 2*k**3 - 3*k**2 - 4*k + 3. Give u(3).
18
Let d(o) = o**3 - 3*o**2 - 9*o + 22. What is d(3)?
-5
Let p(o) = 6*o - 10. Determine p(1).
-4
Let v(s) = s**3 - 11*s**2 - 11*s + 9. Determine v(12).
21
Let f(o) = -o**3 - 10*o**2 - 24*o - 42. Calculate f(-8).
22
Let p(i) = -8*i + 27. Give p(-9).
99
Let i(p) = p**3 + 5*p**2 - 2*p - 2. Determine i(-6).
-26
Let u(h) = 34*h + 12. Calculate u(2).
80
Let g(z) = -z**3 + z**2 + 3*z - 4. Determine g(3).
-13
Let z(p) = p**2 - 6*p - 9. Determine z(9).
18
Let v(o) = -2*o**3 - 17*o**2 - 8*o - 11. What is v(-8)?
-11
Let t(p) = p**3 - 6*p**2 - 7*p + 15. Give t(5).
-45
Let q(y) = -5*